{"id":4000,"date":"2018-01-02T14:09:07","date_gmt":"2018-01-02T14:09:07","guid":{"rendered":"http:\/\/ege.uprrp.edu\/?page_id=4000"},"modified":"2025-12-09T18:09:20","modified_gmt":"2025-12-09T18:09:20","slug":"permiso-de-estudios","status":"publish","type":"page","link":"https:\/\/ege.uprrp.edu\/?page_id=4000","title":{"rendered":"Permiso de estudios"},"content":{"rendered":"<p>&nbsp;<\/p>\n<p><strong>\u00a0<a href=\"https:\/\/ege.uprrp.edu\/?attachment_id=5327\"><img loading=\"lazy\" decoding=\"async\" class=\"alignnone size-full wp-image-4014\" src=\"https:\/\/ege.uprrp.edu\/wp-content\/uploads\/2018\/01\/haz-clic-1.jpg\" alt=\"haz clic\" width=\"144\" height=\"34\" \/><\/a>Permisos de estudios para estudiantes de cuarto a\u00f1o de bachillerato\u00a0de la UPRRP<\/strong><\/p>\n<p>&nbsp;<\/p>\n<h3><span style=\"color: #ff0000;\">Permiso de estudios en el Departamento de\u00a0<\/span><span style=\"color: #ff0000;\">Estudios Graduados de la Facultad de Educaci\u00f3n<\/span><\/h3>\n<p>&nbsp;<\/p>\n<p>Permiso de Estudios- Solicitud de aquella persona que no interesa admisi\u00f3n a un programa graduado, pero que desea completar cursos para desarrollo profesional o que proviene de otra instituci\u00f3n y desea tomar cursos graduados para regresar a su instituci\u00f3n de origen. El programa o escuela graduada puede conceder el permiso por el m\u00e1ximo de un semestre acad\u00e9mico.<\/p>\n<p>A continuaci\u00f3n los pasos a seguir para solicitar un permiso de estudios:<\/p>\n<ol>\n<li>Ir a la p\u00e1gina del Decanato de Estudios Graduados e Investigaci\u00f3n (DEGI)<\/li>\n<li>Llenar la solicitud de admisi\u00f3n en \u201cApply yourself\u201d y marcar permiso de estudio en: <a href=\"https:\/\/solicitud.upr.edu\/\">Decanato de Estudios Graduados e Investigaci\u00f3n &#8211; Solicitud para admisi\u00f3n a estudios graduados (uprrp.edu)<\/a><\/li>\n<li>Crear la cuenta para que pueda procesar su admisi\u00f3n y dar seguimiento<\/li>\n<li>Someter la documentaci\u00f3n requerida como parte de la solicitud (2 copias oficiales de transcripciones), las cuales usted envia a la siguiente direcci\u00f3n:\n<div id=\"yui_3_16_0_1_1518099941816_30287\">Departamento de Estudios Graduados<\/div>\n<div id=\"yui_3_16_0_1_1518099941816_30266\">Facultad de Educaci\u00f3n<\/div>\n<div>8 AVE UNIVERSIDAD STE 801<\/div>\n<div id=\"yui_3_16_0_1_1518099941816_30267\">SAN JUAN PR\u00a0 00925-2528<\/div>\n<\/li>\n<li>En la parte de la solicitud electr\u00f3nica correspondiente al ensayo o composici\u00f3n escrita especificar los cursos y razones para solicitar el permiso.<\/li>\n<li>Hacer el pago correspondiente.<\/li>\n<li>De tener alguna duda sobre el proceso o sobre la documentaci\u00f3n relacionada puede comunicarse con Wanda Rosario a\u00a0<span style=\"text-decoration: underline;\"><span style=\"color: #ff0000; text-decoration: underline;\">wanda.<a style=\"color: #ff0000; text-decoration: underline;\" href=\"mailto:wanda.rosario2@upr.edu\">rosario2@upr.edu<\/a><\/span><\/span>\u00a0o por tel\u00e9fono al 764-000, extensi\u00f3n 89205<\/li>\n<li>Para asesor\u00eda general de admisi\u00f3n puede tambi\u00e9n comunicarse con el Dr. Vadi Fantauzzi a<span style=\"text-decoration: underline;\"><span style=\"color: #ff0000; text-decoration: underline;\"> juan.vadi@upr.edu<\/span><\/span>\u00a0o a su extensi\u00f3n 89253<\/li>\n<li>En la p\u00e1gina del Departamento de Estudios Graduados (DEG) puede encontrar\u00a0la oferta acad\u00e9mica del DEG.<\/li>\n<\/ol>\n<p>&nbsp;<\/p>\n<p>Sometido a la Comisi\u00f3n Estatal de Elecciones CEE-SA-2020-3454<\/p>\n<p>&nbsp;<\/p>\n","protected":false},"excerpt":{"rendered":"<p>&nbsp; \u00a0Permisos de estudios para estudiantes de cuarto a\u00f1o de bachillerato\u00a0de la UPRRP &nbsp; Permiso de estudios en el Departamento de\u00a0Estudios Graduados de la Facultad de Educaci\u00f3n &nbsp; Permiso de Estudios- Solicitud de aquella persona que no interesa admisi\u00f3n a &hellip; <a href=\"https:\/\/ege.uprrp.edu\/?page_id=4000\">Continue reading <span class=\"meta-nav\">&rarr;<\/span><\/a><\/p>\n","protected":false},"author":2,"featured_media":0,"parent":0,"menu_order":0,"comment_status":"closed","ping_status":"closed","template":"","meta":{"footnotes":""},"class_list":["post-4000","page","type-page","status-publish","hentry"],"jetpack_sharing_enabled":true,"jetpack_shortlink":"https:\/\/wp.me\/PdrNFQ-12w","_links":{"self":[{"href":"https:\/\/ege.uprrp.edu\/index.php?rest_route=\/wp\/v2\/pages\/4000","targetHints":{"allow":["GET"]}}],"collection":[{"href":"https:\/\/ege.uprrp.edu\/index.php?rest_route=\/wp\/v2\/pages"}],"about":[{"href":"https:\/\/ege.uprrp.edu\/index.php?rest_route=\/wp\/v2\/types\/page"}],"author":[{"embeddable":true,"href":"https:\/\/ege.uprrp.edu\/index.php?rest_route=\/wp\/v2\/users\/2"}],"replies":[{"embeddable":true,"href":"https:\/\/ege.uprrp.edu\/index.php?rest_route=%2Fwp%2Fv2%2Fcomments&post=4000"}],"version-history":[{"count":28,"href":"https:\/\/ege.uprrp.edu\/index.php?rest_route=\/wp\/v2\/pages\/4000\/revisions"}],"predecessor-version":[{"id":8623,"href":"https:\/\/ege.uprrp.edu\/index.php?rest_route=\/wp\/v2\/pages\/4000\/revisions\/8623"}],"wp:attachment":[{"href":"https:\/\/ege.uprrp.edu\/index.php?rest_route=%2Fwp%2Fv2%2Fmedia&parent=4000"}],"curies":[{"name":"wp","href":"https:\/\/api.w.org\/{rel}","templated":true}]}}